{"id":8,"date":"2018-02-15T21:35:45","date_gmt":"2018-02-15T20:35:45","guid":{"rendered":"http:\/\/echodefemmes.nohost.me\/?page_id=8"},"modified":"2018-03-16T16:11:49","modified_gmt":"2018-03-16T15:11:49","slug":"a-propos-de","status":"publish","type":"page","link":"https:\/\/echodefemmes.nohost.me\/index.php\/a-propos-de\/","title":{"rendered":"Bienvenue"},"content":{"rendered":"<p>&nbsp;<\/p>\n<p><img loading=\"lazy\" decoding=\"async\" class=\" wp-image-511 alignleft\" src=\"http:\/\/echodefemmes.nohost.me\/wp-content\/uploads\/2018\/03\/cenote-323147_960_720-2-1-225x300.jpg\" alt=\"\" width=\"345\" height=\"460\" srcset=\"https:\/\/echodefemmes.nohost.me\/wp-content\/uploads\/2018\/03\/cenote-323147_960_720-2-1-225x300.jpg 225w, https:\/\/echodefemmes.nohost.me\/wp-content\/uploads\/2018\/03\/cenote-323147_960_720-2-1.jpg 540w\" sizes=\"auto, (max-width: 345px) 100vw, 345px\" \/><\/p>\n<p><span style=\"font-size: 14pt; font-family: 'book antiqua', palatino, serif;\">Ce blog nait de l\u2019envie de partager avec vous, de cr\u00e9er un \u00e9cho, d\u2019ouvrir une caverne lumineuse et secr\u00e8te o\u00f9 les femmes pourront se retrouver, s\u2019accueillir, \u00eatre en f\u00eate.<\/span><\/p>\n<p><span style=\"font-size: 14pt; font-family: 'book antiqua', palatino, serif;\">J\u2019ai besoin\u00a0d\u2019ancrer, et d\u2019encrer au pr\u00e9sent, ce que je vis. Pour m\u2019accompagner, m\u2019encourager, me soutenir. Pour ne plus me d\u00e9rober. Pour m\u2019all\u00e9ger vers une joyeuset\u00e9 espi\u00e8gle.<\/span><\/p>\n<p><span style=\"font-size: 14pt; font-family: 'book antiqua', palatino, serif;\">\u00c9cho de femmes\u00a0pourrait \u00eatre la circulation de nos exp\u00e9riences, <\/span><span style=\"font-family: 'book antiqua', palatino, serif; font-size: 18.66666603088379px;\">\u00e9chang\u00e9es en mots en images et en sons. L<\/span><span style=\"font-family: 'book antiqua', palatino, serif; font-size: 14pt;\">eurs rebonds d\u2019un ventre \u00e0 l\u2019autre, d\u2019un c\u0153ur \u00e0 l\u2019autre, d\u2019un souffle \u00e0 l\u2019autre.<\/span><\/p>\n<p><span style=\"font-size: 14pt; font-family: 'book antiqua', palatino, serif;\">S\u2019alimenter l\u2019une l\u2019autre, oser nos vuln\u00e9rabilit\u00e9s, lib\u00e9rer notre puissance, accueillir, offrir\u2026 Et bien plus encore qui viendra de vous.<\/span><\/p>\n<p><span style=\"font-size: 14pt; font-family: 'book antiqua', palatino, serif;\">Votre voix m\u2019est pr\u00e9cieuse, je suis curieuse de cette aventure entre femmes magiciennes !<\/span><\/p>\n<p><span style=\"font-size: 14pt; font-family: 'book antiqua', palatino, serif;\">Bienvenue \u00e0 chacune.<\/span><\/p>\n","protected":false},"excerpt":{"rendered":"<p>&nbsp; Ce blog nait de l\u2019envie de partager avec vous, de cr\u00e9er un \u00e9cho, d\u2019ouvrir une caverne lumineuse et secr\u00e8te o\u00f9 les femmes pourront se retrouver, s\u2019accueillir, \u00eatre en f\u00eate.&hellip;<\/p>\n<div class=\"read-more-wrap\"><a class=\"read-more\" href=\"https:\/\/echodefemmes.nohost.me\/index.php\/a-propos-de\/\">Read More<\/a><\/div>\n","protected":false},"author":1,"featured_media":0,"parent":0,"menu_order":0,"comment_status":"closed","ping_status":"closed","template":"","meta":{"footnotes":""},"class_list":["post-8","page","type-page","status-publish","hentry"],"post_mailing_queue_ids":[],"_links":{"self":[{"href":"https:\/\/echodefemmes.nohost.me\/index.php\/wp-json\/wp\/v2\/pages\/8","targetHints":{"allow":["GET"]}}],"collection":[{"href":"https:\/\/echodefemmes.nohost.me\/index.php\/wp-json\/wp\/v2\/pages"}],"about":[{"href":"https:\/\/echodefemmes.nohost.me\/index.php\/wp-json\/wp\/v2\/types\/page"}],"author":[{"embeddable":true,"href":"https:\/\/echodefemmes.nohost.me\/index.php\/wp-json\/wp\/v2\/users\/1"}],"replies":[{"embeddable":true,"href":"https:\/\/echodefemmes.nohost.me\/index.php\/wp-json\/wp\/v2\/comments?post=8"}],"version-history":[{"count":24,"href":"https:\/\/echodefemmes.nohost.me\/index.php\/wp-json\/wp\/v2\/pages\/8\/revisions"}],"predecessor-version":[{"id":195,"href":"https:\/\/echodefemmes.nohost.me\/index.php\/wp-json\/wp\/v2\/pages\/8\/revisions\/195"}],"wp:attachment":[{"href":"https:\/\/echodefemmes.nohost.me\/index.php\/wp-json\/wp\/v2\/media?parent=8"}],"curies":[{"name":"wp","href":"https:\/\/api.w.org\/{rel}","templated":true}]}}